2 - 12*m + 11. Let p(s) = -7*g(s) - 6*y(s). What is p(1)?
-7
Let c(o) = o**2 - o + 4. Let m(t) = -158*t + 4*t**2 + 156*t + 9 + 0 - 2*t**2. Let x(j) = 5*c(j) - 2*m(j). Calculate x(2).
4
Let u(c) = 5*c**3 + c + 3. Let o be u(2). Let n(w) = 0*w + 79 + 5*w - o - 39. What is n(0)?
-5
Let u(d) be the third derivative of -d**6/120 + d**5/6 - 7*d**4/24 + 5*d**3/3 + 2981*d**2. What is u(8)?
82
Let q(i) = -4*i + 10. Suppose 4*f = -16, 4*n - 28*f + 30*f + 8 = 0. Calculate q(n).
10
Let c = -13 + 24. Let m be 8 + (-6 - (3 + -5)). Suppose 0 = -m*i + 5*i + 3*k - c, -i - 2*k = -7. Let l(n) = -6*n**3 + n**2 + n + 1. Calculate l(i).
7
Let i = 165 + -160. Let d be 54/(-135) + 2/i. Let j(p) = p**2 - p - 6. What is j(d)?
-6
Let j(f) = -f**3 + 7*f**2 + 5. Let v(y) = 17*y - 3. Let w be v(-1). Let d be (-135)/w - (-3)/12. Calculate j(d).
5
Let s(k) = -3*k + 6. Suppose 211 + 221 = 9*i. Suppose i = -31*q + 39*q. Give s(q).
-12
Let c(z) = -z**2 + z + 12. Let d be (-4)/(-30) - (-46)/(-90)*12. What is c(d)?
-30
Let h(u) = 9*u - 78. Let q(z) = 10*z - 115. Let l(w) = -3*h(w) + 2*q(w). Calculate l(-2).
18
Let j(z) = -2*z + 9. Suppose -238 = -93*x + 79*x. Give j(x).
-25
Let u(q) = 2*q**3 + 9*q**2 + 16*q + 20. Let w be u(-5). Let a be -5*11*17/w. Let h(n) = a*n + 21*n + 6 - 33*n. What is h(9)?
-3
Let u(w) = w - 7. Let d be u(13). Let k be 1*(-4)/d*9 - 3. Let l be (-6)/27 + (-47)/k. Let m(n) = -2*n + 1. Give m(l).
-9
Let n(q) = q**3 + 20*q**2 - 19*q + 24. Let r be n(-21). Let k = r + 21. Let c(l) = -9*l. Determine c(k).
-27
Let i(l) be the second derivative of l**3/6 - l**2 + 6*l. Let o(p) = p - 3. Let q be (3/(-3))/((-1)/(-2)). Let r(k) = q*o(k) + 3*i(k). What is r(2)?
2
Let s(p) = 21*p + 89. Let b be s(-4). Let o(l) = 3*l + 15. Let j(h) = 2*h + 16. Let x(q) = b*j(q) - 4*o(q). What is x(8)?
4
Let m be ((-3)/(-3))/(-12 - -11)*22. Let i(n) = -2*n**2 - 41*n + 53. Determine i(m).
-13
Let i(s) = 4*s**2 + 4*s + 16. Suppose -21 + 49 = 7*n. Let u(a) = 169*a + 15 + 3*a**2 - 166*a + 0*a**2. Let r(z) = n*i(z) - 5*u(z). Determine r(0).
-11
Let q(n) = -2*n**2 + 9*n - 2. Suppose 46*x - 505 = -55*x. Determine q(x).
-7
Suppose 0 = -7*z - 412 + 496. Let g(y) = z*y**2 - 7*y + 9*y**2 - 30*y**2 + 8*y**2. Give g(-6).
6
Let x(f) = -19*f**2 - 20*f - 33. Let h(c) = -35*c**2 - 39*c - 67. Let r(k) = -6*h(k) + 11*x(k). Give r(-7).
-10
Let t(r) = 2*r**3 + 13*r**2 + 7*r + 10. Let p = 4671 + -4676. What is t(p)?
50
Let l(t) = t - 6. Let j be (4/(-4))/(5/10 - -1)*-15. Calculate l(j).
4
Let y(g) = 20*g - 139. Let b be y(9). Let z(r) = -43*r + 2 + 76*r - b*r. Calculate z(1).
-6
Suppose 97 = -77*n + 790. Let a(y) = 7*y - 61. Calculate a(n).
2
Let g(v) be the third derivative of -v**5/60 + v**4/3 - 3*v**3/2 + 6*v**2. Let d be g(6). Let b be (d/(-6))/((-8)/(-16)). Let h(a) = -10*a - 1. Give h(b).
9
Suppose 5*p - 16 = -3*o - 37, -4*o = 5*p + 23. Let v(n) be the first derivative of n**4/4 + 4*n**3/3 - n**2/2 + n - 24. Determine v(p).
13
Let n(z) = -9*z - 3. Suppose 9*l = 11*l - 8, 0 = -2*i + 3*l. Suppose q + 3*v - i = 0, 25*v - 7 = -4*q + 30*v. Give n(q).
-30
Let y(r) be the second derivative of r**4/12 + r**3/2 - r**2/2 - 5*r + 6. Suppose -16 = 13*u - 9*u. What is y(u)?
3
Let l(j) = 14 - 33 + j**2 + 13*j + 0*j**2. Suppose 1385*d + 350 = 1360*d. Determine l(d).
-5
Let h = 434 - 356. Suppose -51*y + 384 = h. Let t(i) be the first derivative of i**2/2 + 3*i + 1. Give t(y).
9
Let d(k) be the second derivative of 0*k**2 - 10*k - 7/6*k**3 + 0 + 1/120*k**5 + 7/24*k**4. Let v(a) be the second derivative of d(a). Calculate v(-4).
3
Let h(c) = -2*c**3 - 138*c**2 - 5*c - 349. Let i be h(-69). Let p(v) be the first derivative of -v**3/3 - 3*v**2/2 - 6*v - 1. Determine p(i).
-10
Let g(m) = -353*m - 8122. Let h be g(-23). Let d(f) = -2*f**3 + 2*f**2 + 10*f + 6. What is d(h)?
48
Suppose -2 = -3*g + 2*u + 4, 0 = -u. Let b(x) = 5*x - 97 + x**g + 50 + 53. What is b(-4)?
2
Let u(k) = -k**2 - 26*k - 18. Suppose -2*f - 3620 = -3580. Determine u(f).
102
Let h = -8901 + 8901. Let z(y) be the third derivative of y**6/120 + y**4/24 - 7*y**3/6 + 2*y**2. What is z(h)?
-7
Let y(z) = 48*z - 115. Let f(p) = -72*p + 174. Let o(i) = 5*f(i) + 8*y(i). Give o(8).
142
Let p be 111 + ((-4)/10 - 48/80). Suppose -3*z = -13*z + p. Let f(h) = h**3 - 11*h**2 + h. Calculate f(z).
11
Let n(i) be the first derivative of -i**4/4 + 5*i**3/3 - 2*i**2 + i - 1. Let p = -1069 - -1111. Let u be (60/p)/((-6)/(-21)). Give n(u).
-19
Let w(v) be the first derivative of -v**4/4 + 7*v**3/3 - 11*v**2/2 + v + 3. Suppose -21 = 3*i - 4*a, 118*a - 113*a = 2*i + 35. Give w(i).
-4
Let t(r) = -r**2 + 11*r - 23. Suppose -252 = 91*i - 175*i. What is t(i)?
1
Suppose 2*g = 5*b - 14, 3 = -2*b + 5*g - 4. Let u(f) = 2*f**3 + b*f - 3*f**3 + 3 - 2 - 4*f**2. Let o = -4923 + 4918. What is u(o)?
6
Let a(y) be the second derivative of y**4/12 - y**3/3 - y**2/2 - y. Let l = 37518 + -37521. Determine a(l).
14
Let l(c) = 2*c**3 + 2*c**2 - 2*c. Suppose -3*f - 65 = -5*j + f, -3*j = f - 56. Let h = j - 16. Give l(h).
2
Let i(r) = 7*r**2 - 10*r + 6. Let t be i(1). Let x(w) be the third derivative of 2*w**2 - 1/20*w**5 + 0 - 1/12*w**4 + 1/6*w**t + 0*w. Give x(1).
-4
Let b(p) = -p - 1. Let v be (-1 - (-4)/2) + 2. Let j be 3 - 1 - (-5 + v). Suppose j*a - 14 = 10. Give b(a).
-7
Let g(n) = 13*n**2 + n + 1. Suppose 6*v - 3 = 3*v, -v = -5*w - 21. Let u be w/(32/(-12))*10/(-15). Determine g(u).
13
Let f(b) = -b**3 + 2*b**2 - b + 3. Let q be f(0). Suppose 0*w - 188 = -q*w - 4*g, -5 = -g. Let j be 9/(108/w) + (-1)/(-3). Let h(m) = -2*m + 4. Give h(j).
-6
Let u(l) be the first derivative of l**3/6 - 13*l**2/2 - 29*l + 28. Let m(d) be the first derivative of u(d). Let p be -1 - -10 - 1*-1. Give m(p).
-3
Let j(z) = -z**3 + 8*z**2 + z + 1. Suppose -4*t - 4*b - b = 715, 5*t - b = -901. Let w = t + 188. Determine j(w).
9
Suppose 8*r - 3*r = -s - 11, -5*r - 3*s - 3 = 0. Let t(j) = j**3 - j**2 - 2*j + 6. What is t(r)?
-24
Suppose -a = -2*s - 10, -3*a + 25 + 1 = -5*s. Let q(o) = 1 + 3*o - o**3 + a*o**2 + 0*o - 1 + 3. Give q(3).
3
Suppose 5*m + 231*v = 233*v + 16, -23 = -4*m + 5*v. Let q(o) be the first derivative of -o - 1 - 3/2*o**m. What is q(1)?
-4
Let w(j) = -162*j - 976. Let s be w(-6). Let g(y) be the third derivative of 0 + 1/24*y**4 + 4/3*y**3 - 2*y**2 + 0*y. Give g(s).
4
Let y(w) be the first derivative of 1/12*w**4 + 20 - 15*w + 0*w**2 + 0*w**3. Let s(x) be the first derivative of y(x). What is s(1)?
1
Let x(f) = -78*f + 2. Let r(m) = -24*m + 1. Let a(v) = -19*r(v) + 6*x(v). Determine a(-2).
17
Let a(h) = h - 20. Let c be (9/(243/132))/(14/63). Determine a(c).
2
Let r(p) = -478*p + 14 + 329*p + 16 + 150*p. What is r(15)?
45
Let y(g) = 2*g + 23. Let h(n) = 3*n + 42. Let a(l) = -3*h(l) + 5*y(l). Give a(7).
-4
Let a(r) = 5*r + 70 + 26 + 17*r - 8*r + 78. Give a(-12).
6
Let x(s) = s**3 - s**2 + 5*s - 4. Let l(m) = -12*m**2 - 46*m - 9. Let j be l(5). Let h = j - -542. What is x(h)?
29
Let g(t) be the first derivative of 17*t**2/2 - 42*t + 6092. Determine g(7).
77
Let v(b) = 9*b - 57. Let g be v(-9). Let t = -146 - g. Let x(p) = p**3 + 9*p**2 + 9*p + 6. What is x(t)?
-2
Let t(o) = -53*o**3 + o**2. Let q = -3147 + 3148. Give t(q).
-52
Let l(o) = 8*o + 183. Let j(z) = -2*z - 63. Let t(i) = -2*j(i) - l(i). Give t(-11).
-13
Let z = -16 + 9. Let x = 158 + -154. Let u(i) = 0*i + 3*i - 1 + 1 + x. What is u(z)?
-17
Let i(a) be the first derivative of a**4/12 - a**3/6 - 2*a**2 - 30*a + 13. Let u(x) be the first derivative of i(x). Let s be ((-6)/8)/((-1)/4). Give u(s).
2
Let u(i) = i**3 + 6*i**2 - 7*i + 20. Let v be (-6 - -3)/(45/(-6)) + (-10122)/1205. Give u(v).
-52
Let o(y) = -2*y - 6 - 1 + 1 + 12*y**2 - 9*y**2. Determine o(6).
90
Suppose 7*p + 801 = 815. Let b(j) = 5*j**2 + 2*j. Let l(v) = -21*v**2 - 9*v - 1. Let y(h) = -9*b(h) - 2*l(h). Give y(p).
-10
Let g(s) = 17*s**2 + 35*s + 5. Let z(p) = 21*p**2 + 43*p + 4. Let x(d) = 5*g(d) - 4*z(d). Give x(5).
49
Let d(a) be the first derivative of a**3/2 + a**2 + 103*a - 90. Let h(g) be the first derivative of d(g). Determine h(7).
23
Let y(s) = -5*s**2 - 146*s - 37. Let l be y(-29). Let o be (-1)/((32/20)/l). Let w(t) = t**2 - 9*t + 6. What is w(o)?
-14
Let f(q) be the third derivative of -q**4/12 - q**3/3 + q**2. Let c be -33 + 3*(-1056)/(-99). Calculate f(c).
0
Let n b